of r?
13, 31
Let q(m) be the third derivative of m**4/8 - 7*m**3/2 - 19*m**2. Let z be q(12). Suppose 5*r - 32 = x, 0 = -5*r - x + z + 13. What are the prime factors of r?
2, 3
Let m = 47309 - 5184. List the prime factors of m.
5, 337
Suppose 3*v - n - 31 = -9, -2*v - 4*n = -38. What are the prime factors of ((-16842)/v)/(-2) + 4/3?
937
Let o be (-32)/(-3)*(-456)/(-16). Let s = o + 31. What are the prime factors of s?
5, 67
Let h(d) be the first derivative of 17*d**2/2 + 6*d + 10. Let m be h(-4). Let c = 68 + m. What are the prime factors of c?
2, 3
Let m = 30147 + 4893. What are the prime factors of m?
2, 3, 5, 73
Let b(v) = -87*v + 15. Let g be b(-19). What are the prime factors of g/7 + 3 + (-46)/14?
2, 7, 17
Let b = -9616 + 17936. What are the prime factors of b?
2, 5, 13
Let g(n) be the first derivative of -7*n**2 - 13*n + 3. Suppose -3*t - 30 = -5*v, 4*t - 5 = -v - 22. List the prime factors of g(t).
3, 19
Let p(a) = 1027*a + 569. What are the prime factors of p(10)?
3, 3613
Suppose -3*q = -9*q + 12. Suppose 5*d = 3*u - 20, -q = 3*u + 2*d - 15. List the prime factors of 12/(5/(u/2))*6.
2, 3
List the prime factors of 0 + 15897/(6 + 30/(-6)).
3, 7, 757
Suppose 612 = f - 2*a, 3*f - 3*a = 990 + 861. Suppose 0 = 5*z + 3*b - f, 9*z = 4*z + b + 626. What are the prime factors of z?
5
What are the prime factors of 8919 - ((-4)/9 + (-1606)/(-657))?
37, 241
Let f be ((-4)/3)/(625/(-156) - -4). Suppose 148*r - 144*r = f. List the prime factors of r.
2, 13
Let p = -9890 - -14358. List the prime factors of p.
2, 1117
Let g = -384 - -426. List the prime factors of (-339 - 0)*(-56)/g.
2, 113
What are the prime factors of 534816/42 - 1*-2 - (-40)/140?
2, 199
Let f(s) = 3*s**2 + 174*s + 6924. List the prime factors of f(-106).
2, 3, 43
Let s(d) = 2*d**3 + 3*d**2 + 11*d. Let r(w) = -w**3 - w**2 - 2. Let n(z) = -3*r(z) - s(z). What are the prime factors of n(8)?
2, 5, 43
Let i(y) = -36*y**3 - 9*y**2 + 10*y + 85. What are the prime factors of i(-4)?
3, 5, 7
Let a = 19 + -14. Suppose -5*m + 45 = 5*j, -a*m + 5*j = -1 - 4. Suppose -5*t = m*b - 1205, -3*b - 418 - 819 = -5*t. What are the prime factors of t?
5, 7
Suppose 65*h = 212481 - 46861. What are the prime factors of h?
2, 7, 13
Let s(o) = 29*o - 1. Let x = -24 + 27. Let i be s(x). Let g = -60 + i. List the prime factors of g.
2, 13
Let u(b) = -b**3 + 3*b**2 + 5*b - 3. Let r be u(3). Suppose -r = 33*j - 31*j. What are the prime factors of ((-256)/j - -2)*3?
2, 67
Suppose r = -18*h + 14*h + 15122, 4*r - 24 = 0. What are the prime factors of h?
3779
Suppose -99954 = -44*q + 122510. List the prime factors of q.
2, 79
Let v(s) = -48*s - 10. Let t be v(-4). Let k = t + -410. What are the prime factors of (k/15 + 2)/((-4)/20)?
2, 3, 11
Let p = 10 - 41. Let u(l) = 10*l + 5. Let d be u(-2). Let y = d - p. What are the prime factors of y?
2
Let y be (0/1*17/34)/(-1). Let n be (-42)/4*104/(-6). Suppose -4*p + n = 2*z - 0*p, y = 4*z - 4*p - 352. What are the prime factors of z?
89
Suppose -149*a = -27*a - 1772294. List the prime factors of a.
73, 199
Let k(c) = -c**3 - 13*c**2 - 13*c - 6. Let w be k(-12). Suppose 13*a = w*a + 1701. What are the prime factors of a?
3
Suppose -2*h + 0*h + 20828 = 4*p, 3*h - 26035 = -5*p. List the prime factors of p.
41, 127
Let r = -8085 - -14908. What are the prime factors of r?
6823
Suppose -4*u + 127295 = -x, -146299 - 12821 = -5*u + x. List the prime factors of u.
5, 19, 67
Let o(b) = 15451*b + 1673. List the prime factors of o(2).
5, 1303
Suppose -5*f - 27*g = -31*g - 155924, -155870 = -5*f - 5*g. What are the prime factors of f?
2, 5, 1559
Suppose 0 = -2*y + 4960 + 12402. List the prime factors of y.
8681
Suppose 0 = w + 3, 0 = y - 3*w - 187 - 39. Let j = 384 - y. List the prime factors of j.
167
Let h be (6/(-18))/(1/(-18330)*2). Suppose 14*a - 4701 - h = 0. List the prime factors of a.
2, 277
Suppose -3*l = 2*j - 32413, 4258 = -2*j + 2*l + 36656. List the prime factors of j.
2, 8101
Suppose -321*l + 4813360 + 2918567 = 0. List the prime factors of l.
3, 7, 31, 37
What are the prime factors of (-4)/22 - (36881676/297)/(-26)?
2, 3, 199
Let a = 166 + -544. What are the prime factors of -11 + 17 + a/(-2)?
3, 5, 13
Let p = -20432 + 44137. What are the prime factors of p?
5, 11, 431
Suppose -5*q = -2*k - 108480, k - 43383 = -101*q + 99*q. What are the prime factors of q?
2, 10847
Suppose -2*s = -5*r - 6, 4*r - 9*r + 10 = 0. Suppose s*d - 1976 = -5*d. What are the prime factors of d?
2, 19
Let z be 3 - -1 - 3751/(-11). Suppose -5*g + 1625 = -2*s, -3*g - z = -s - 1319. What are the prime factors of g?
17, 19
Suppose 0 = 59*h - 23*h - 26*h - 1300. List the prime factors of h.
2, 5, 13
Let h(w) = -93 + 2*w**2 + 231 - 3*w + 7*w + 62. List the prime factors of h(-14).
2, 67
Suppose 5*w = -3*h + 2218, 3*w - h + 369 = 1697. Let j = 9 + w. What are the prime factors of j?
2, 113
Let w(h) = 4*h**2 - 38*h + 129. Suppose 2*t + 5*y = -7, -15*t - 4*y - 4 = -13*t. What are the prime factors of w(t)?
41
Let c(u) be the third derivative of -49*u**4/12 - 155*u**3/3 + 183*u**2 - 2. List the prime factors of c(-17).
2, 3, 113
Let j(t) = 110*t**2 - 9*t - 2 - 3*t - 19 + 3*t. List the prime factors of j(-2).
19, 23
Let y(n) = n**3 - 23*n**2 - 16*n - 98. What are the prime factors of y(24)?
2, 47
Suppose 3*h - 4*l - 40482 = 0, -2*l = 67*h - 65*h - 27016. List the prime factors of h.
2, 43, 157
Suppose 5*s - 47355 = -i - 3*i, 3*i + 4*s - 35518 = 0. List the prime factors of i.
2, 5, 7, 13
What are the prime factors of ((-1)/2)/(7/(-134512))?
2, 1201
Let v(f) = 7 - 2*f**3 + 11*f**2 + 14*f + 6*f**3 - 3*f**3 + 3. List the prime factors of v(-6).
2, 53
Suppose 687014 = 217*h - 1930223. List the prime factors of h.
7, 1723
Let w = 42076 + -27742. List the prime factors of w.
2, 3, 2389
Let o be (-1)/(2/(-6)*(-3)/(-7)). Suppose o*r - 5*r = 72. What are the prime factors of r?
2, 3
Suppose -288*q + 289*q - 5*p = 11996, 5*q = -2*p + 60115. List the prime factors of q.
3, 4007
Suppose n = -3*p + 32472, -164*p = 5*n - 159*p - 162380. What are the prime factors of n?
2, 3, 5413
Let x = 2440 - -23721. List the prime factors of x.
26161
Suppose 94 = 3*a + x, -3*a - 6*x = -x - 110. What are the prime factors of (-12)/a - ((-1137)/5 + 2)?
3, 5
Suppose -5*c = -765 - 215. Suppose -197*s + 539 = -c*s. List the prime factors of s.
7, 11
Let l = 3323 - -14151. What are the prime factors of l?
2, 8737
Let u(c) = -3*c**3 + c**2 + 4*c + 4. Let z be u(-1). Suppose 6*n - z*n = -5*i + 949, -n + 461 = -2*i. List the prime factors of n.
467
Suppose 0 = 3*o - 3*w, 2 = -o - 4*w + 12. Suppose -13 = q - y - 4*y, -o = y. Let h = q - -74. List the prime factors of h.
3, 17
Suppose 0 = 4*s - 9 - 7. Suppose -s*h - 808 = -2*p, 4*h = 6*h + 8. Suppose -2*q - j = -204, -5*q + p = j - 117. What are the prime factors of q?
103
Let w = 4930 - 4938. Let p = -125 - -89. What are the prime factors of (p/w)/((-4)/(-72))?
3
Suppose -8*j + 4*j + 24 = 0. Let y be -2 - 3292/(-28) - j/(-14). Suppose -4*g = -100 - y. List the prime factors of g.
2, 3
Let j be 0 - -3 - (12 + 2)/14. Let f = -1 - -6. Suppose -3*a + 92 = 5*x, f*a - 127 = 2*a + j*x. List the prime factors of a.
3, 13
Suppose -2 = -2*k, 139 + 78 = 3*h + 4*k. Let z = 458 - h. What are the prime factors of z?
3, 43
Suppose 0 = -t - c + 13145, 297*t - 307*t + 131470 = 5*c. What are the prime factors of t?
3, 487
Let l be -99*(-4 + 0) - (3 + 1). Suppose 3*k = -k - 16. List the prime factors of (6/k)/((-42)/l).
2, 7
Suppose -10*m + 7*m = -20*m + 26996. List the prime factors of m.
2, 397
Suppose 29*m = 30*m - 8. Let v(k) = 23*k + 12. Let w be v(m). Suppose w + 32 = 4*g. What are the prime factors of g?
3, 19
Suppose -122*c + 6946380 = 4*c. List the prime factors of c.
2, 5, 37, 149
Let v = 36033 + -22373. List the prime factors of v.
2, 5, 683
Let p = -17769 - -25891. List the prime factors of p.
2, 31, 131
Let z(x) = 51*x**2 + 77*x + 28. List the prime factors of z(12).
2, 17, 61
Let z(b) be the second derivative of b**3/3 + b**2/2 + 18*b. Let g(w) = 7*w - 23. Let f(k) = g(k) + 2*z(k). What are the prime factors of f(16)?
5, 31
Let o(c) = -c + 1. Let k(r) = -68*r + 85. Let d(q) = k(q) - 85*o(q). Let h be d(1). Suppose -69 = -g - h. What are the prime factors of g?
2, 13
Suppose b + 4*d = 6*b - 30, 